osite?
False
Let m(f) = 2*f**2 + 10*f + 35. Let u(l) = -l**3 - 15*l**2 + 16*l + 5. Let o be u(-16). Suppose y + n = -11, -o*n - 51 = 4*y - 11. Is m(y) composite?
True
Suppose 23164 = o + 5*n, -133*n = -5*o - 134*n + 115940. Is o a composite number?
False
Let x be 21/(-5) - (-14)/70. Let k(c) = 2*c + 16. Let u be k(x). Let y(b) = 53*b - 23. Is y(u) a prime number?
True
Let r(l) = -5*l**3 + 13*l**2 - 103*l - 319. Let n(c) = -c**3 + 3*c**2 - 26*c - 80. Let s(h) = 9*n(h) - 2*r(h). Is s(24) prime?
False
Suppose o = -14 + 14. Suppose o = -l + 5*r + 23574, -5*l + 5*r + 138336 = 20366. Is l a composite number?
False
Let f(y) be the second derivative of -4*y**5/5 - 7*y**4/24 - 2*y**3 - 4*y. Let b(t) be the second derivative of f(t). Is b(-2) a prime number?
False
Let a = -10401 - -40562. Is a prime?
True
Suppose 20*h = -82*h + 1801014. Is h composite?
False
Suppose 0 = -53*j + 603935 - 6466. Is j a prime number?
True
Let y = 46996 - 32027. Is y composite?
False
Let a(h) be the first derivative of 949*h**2/2 - 6*h - 105. Is a(7) a composite number?
False
Let z = 56647 - -14286. Is z prime?
False
Let o(t) = -12*t**2 - 23*t + 10. Let h(r) = -r**3 + 23*r**2 + 46*r - 19. Let f(n) = 3*h(n) + 5*o(n). Let i be f(9). Let c = -811 - i. Is c a prime number?
False
Suppose -4*y - 4*h - 87248 = 0, 3*h = -3*y - 2*h - 65434. Let s = y - -32764. Is s a composite number?
True
Let b = 200 + -205. Is ((-33462)/24 - b)*(-2 - 2) composite?
False
Let w(x) be the first derivative of x**7/840 + 2*x**6/45 - x**5/120 + x**4/24 + 46*x**3/3 + 42. Let u(g) be the third derivative of w(g). Is u(-14) prime?
False
Let b(t) be the second derivative of -569*t**6/720 + 11*t**5/40 + 23*t**4/12 - 29*t. Let r(g) be the third derivative of b(g). Is r(-4) composite?
False
Is (-31051)/((-32)/8 - -3) a composite number?
False
Suppose 5*x + 2 = q, -x + 51 - 41 = 5*q. Suppose 18995 + 57001 = 4*d - 2*b, -b + 4 = x. Is d a composite number?
False
Let o be 2/(-13) - 731630/65. Let d = o + 18253. Is d a prime number?
True
Suppose 5*a - 1679033 = 622*d - 621*d, -2*a = 4*d - 671622. Is a a composite number?
False
Suppose 16*p + 235147 = 27*p. Is p a prime number?
True
Let a(u) = 393*u**2 + 17*u + 137. Let h be a(-10). Suppose 17888 = 35*l - h. Is l a prime number?
False
Suppose -51*s = -140*s + 14666221. Is s a prime number?
True
Is 75/(-150)*(-2 - 843116) composite?
False
Suppose -2928 = 5*o - 9*o. Let l = 5491 - o. Is l prime?
True
Is (-4 + 0)*((-29243412)/(-462))/(8/(-7)) a composite number?
True
Let b = 89 - 86. Suppose 1 - 13 = -4*j, z - b*j = 974. Is z composite?
False
Let h be 301/2 - (-4)/8. Suppose -3*v + 3*z = -2883, -v + 5*z + h + 806 = 0. Let c = -41 + v. Is c a composite number?
True
Let k(t) = -t**2 - 9*t. Let l be k(-9). Suppose l = 5*h - 118 - 332. Let p = h - 59. Is p composite?
False
Let r = -3 - 8. Let u(n) = 4 - 1 + 6*n**2 - n**2 + 9*n + 9*n**2 - 5*n**2. Is u(r) composite?
True
Let h(f) = f + 16. Let x be h(-13). Suppose 0 = 5*l - 15, 76 = z - x*l - 0*l. Suppose -178 = -s + z. Is s a prime number?
True
Suppose -16*s = -30*s + 84. Let l(i) = 31*i**3 + 8*i**2 - 4*i + 43. Is l(s) a prime number?
False
Suppose 34*w - 32*w - 700 = 0. Let f = 759 - w. Is f a composite number?
False
Let b(r) = 19*r**3 + 3*r - 65. Is b(18) composite?
True
Let b(c) = 144688*c**2 - 20*c + 23. Is b(1) prime?
False
Let y(f) be the third derivative of 2*f**4 + 109*f**3/6 - 54*f**2. Is y(9) a prime number?
True
Suppose 0 = 5*h + 10*h. Suppose -11*q + 12*q - 4 = h. Suppose q*b - i = 14593, -2*i + 0*i = 10. Is b prime?
False
Is 291781 - (869/395 + 2/(-10)) a composite number?
False
Suppose -11*n + 5*n = 14394. Let v = 3666 + n. Is v composite?
True
Suppose 0 = 3*v + 257*g - 261*g - 1925747, 5*v - 3*g = 3209582. Is v prime?
False
Is (-42 + 41)/((-9)/1230114*(-4)/(-6)) a prime number?
True
Let b = -450837 + 638592. Is (2 + -6 + 7)/(45/b) prime?
True
Let q(a) = 5*a**3 - 2*a**2 - 5*a - 662. Let f(l) = 9*l**3 - 4*l**2 - 9*l - 1324. Let r(d) = -6*f(d) + 11*q(d). Is r(0) prime?
False
Let v(l) = 6*l - 14. Let m(z) = -z. Let u(x) = -5*m(x) - v(x). Let g be u(9). Suppose 669 - 1868 = -5*d - 4*c, g*c = 5. Is d a composite number?
False
Suppose 5*p = 9*p - 16, 4*p - 1277 = -i. Is i a prime number?
False
Suppose -12*a - 32169284 + 84188061 = 31*a. Is a prime?
True
Let f(l) = 823*l**2 + 200*l - 172. Is f(-39) a prime number?
True
Suppose 10 = 5*g - 0. Let r be 0 + 1 - (-9)/((-45)/85). Is g/r - (53828/(-32) + 3) a composite number?
True
Let o = -182 + 186. Suppose -10 = 2*p, 0 = o*z - 2*p - 7374 - 77720. Is z composite?
True
Suppose 0 = -a + 387*r - 386*r + 1850948, -9 = r. Is a a composite number?
False
Suppose 8*f - 3*f = 4*u - 32, -f + 11 = 5*u. Suppose b - u*r - 351 = 0, 790 - 95 = 2*b + r. Let l = b - 31. Is l prime?
True
Suppose -4*k = 8*s - 9*s - 26148, 4*k - 26148 = -9*s. Is k a composite number?
True
Is -7 + (2/(-5) - (-14892)/5) a prime number?
True
Let b be (4/6 - 1)*-21. Let l be ((-177)/(-2))/(((-2)/(-22))/(1908/198)). Suppose 4*q = b*q - l. Is q composite?
True
Suppose -i + 23093 = -10*p, 3*p = 14*i - 10*i - 92557. Is i prime?
True
Let q = 38677 + -18656. Is q a composite number?
False
Let g(a) = 42*a - 42. Let l be g(1). Suppose 4*h + s - 25 = 2*s, 4*h + s = 15. Suppose 3*x = h*f + 10967, f - 3661 = -x - l*x. Is x composite?
False
Suppose -903002 = -2*d - 4*t, -3*d + 7*t + 1354539 = 9*t. Is d composite?
False
Let m = 358 - 540. Suppose -38*g + 58*g + 400 = 0. Is m/(-8) + (-1 - 4)/g a composite number?
False
Let o be ((-4)/(-6))/((-18)/972). Let w be (-8853)/(-7) - o/126. Let y = w - 748. Is y a prime number?
False
Let y(b) be the second derivative of 172*b**3/3 - 29*b**2/2 - 56*b. Is y(2) a composite number?
False
Suppose 9*x - 1028509 = -2*u, -26*x + 514244 = u - 23*x. Is u a composite number?
True
Suppose 5*q - 212570 = 2*t - 15608, 0 = -3*t + 12. Is q composite?
True
Suppose -o = -3*k + 46 - 20, o + 28 = 2*k. Let r = 44 + o. Is -15*(-208)/r + -3 a prime number?
True
Let l = 170468 + -116345. Is l prime?
False
Let c be 6/(-30) + 64/20. Is 18524 - c/(-9)*-15 prime?
False
Let o = 2599 + -1336. Is 10*o + (-4)/(-12)*9 a prime number?
False
Let l(h) = 21*h**2 - 79*h - 1273. Is l(-21) a composite number?
True
Let a(q) = -q**3 - 6*q**2 + q + 8. Let k be a(2). Is (-79490)/k - 6/33 prime?
True
Let n(x) = 38*x - 19. Suppose -3*v + 5*v - 40 = f, -4*v - 5*f + 66 = 0. Let k be n(v). Let q = -20 + k. Is q composite?
False
Let b(s) be the third derivative of s**4/24 + 14*s**3/3 + 9*s**2. Let z(c) = -2*c - 29. Let o(r) = 2*b(r) + 3*z(r). Is o(-16) composite?
True
Let n(s) be the third derivative of s**5/20 + s**4 + 4*s**3/3 - 8*s**2. Let q be n(11). Is (q/(-40)*-4)/(1/10) prime?
False
Let w = -75890 - -149820. Suppose 110*d + w = 120*d. Is d prime?
True
Let c(b) = b**3 + 21*b**2 + 37*b - 17. Let v be c(-19). Suppose -h = v*h + 5*o - 10493, -5*h + 17443 = -3*o. Is h composite?
False
Let i(x) = -107*x**2 - x**3 + 30*x**2 - 27*x - 37*x + 58*x**2 - 40 + 17*x. Is i(-19) a prime number?
True
Let d(g) = 1514*g**3 - 4*g**2 + 93*g - 679. Is d(6) composite?
True
Suppose 2*a + 199558 = 4*h, -7 = 3*a - 16. Is h a prime number?
True
Suppose 0 = -x + 371 - 73. Suppose -x + 1410 = 8*o. Is o a composite number?
False
Suppose -z = -0*m + 5*m - 205, 530 = 3*z - 2*m. Let r = 1009 - z. Is r a composite number?
False
Suppose 3*t - 4*s - 534041 = 0, 2*t + 120*s - 122*s - 356030 = 0. Is t a prime number?
False
Suppose -7*l - 30 = -2. Let z(y) = y**2 - 4*y - 13. Let o be z(6). Is ((-1)/(-3))/(o*l/39324) a composite number?
True
Let b = 2152 + 2817. Is b a prime number?
True
Let h(x) = -x + 6. Let o be h(-3). Let k(i) = -3*i**2 - 12*i. Let r(s) = 13*s**2 + 48*s + 1. Let d(j) = o*k(j) + 2*r(j). Is d(-7) prime?
True
Let o be (3 + -4)/((-1)/27). Suppose o*n + 424 = 23*n. Let t = 251 + n. Is t a composite number?
True
Suppose -2*v + 2*f = -18738, 2*v - 5*f - 8411 - 10336 = 0. Let m(n) = -n**2 - 12*n - 11. Let z be m(-8). Is (-3)/z - v/(-49) a prime number?
True
Let i(a) = -38*a**3 - 16*a**2 + 14*a - 517. Is i(-19) a prime number?
True
Suppose 2*b = -b - 5*o - 16, 0 = -3*b - 3*o - 6. Suppose 0 = 3*y, 4*k = -y - b*y - 237924. Is (5/15)/(59478/k - -1) composite?
True
Suppose 8*j = 5*j - w + 8767, 4*j - 11682 = -5*w. Is j prime?
False
Let q(u) = -3*u + 2. 